-47 - (4 + 21)?
-21
Evaluate (-19 - (-30 + -32)) + (-33 - -7).
17
Calculate -12 - (2 + -5 - (25 + -7 - 28)).
-19
What is the value of -136 + (-84 - -205) + (1 - -8)?
-6
What is (5 - -1) + 2 + -35 + 14 + 23?
10
What is the value of (-10 + 0 - 0) + (-461 - -467) + 32?
28
What is the value of 67 + -80 + (1 + -1 - (28 + 7 + -9))?
-39
Calculate (2 + 5 - 3) + (-16 - 1 - (-418 + 495)).
-90
Evaluate (-4 - 90) + (1741 - 1793).
-146
Calculate 24 + 1 + (-8 - ((17 - 7) + -19)).
26
Evaluate 196 + -226 + -34 + -52.
-116
What is the value of -2 - (-3 + 6 - (28 - (11 - 9)))?
21
44 - (-5 + (35 - 23) + 0)
37
What is (96 + -3 - 30) + -49?
14
What is (59987 - 59999) + (1 + 0 - (20 - 0))?
-31
(-2 - -4) + -3 + (454 - 495)
-42
Evaluate (39 - (-19 + 15)) + -37.
6
Evaluate -2 + 11 + 33 + 4 + -32 + 79.
93
Calculate -11 + 43 + -51 + 39 + 0.
20
13 + (147 + -145 - (9 - 0))
6
Evaluate 0 + 10 + 13444 + -13388.
66
Calculate 42 - ((-39 - 4) + 48).
37
Evaluate -1 + 26 + -2 + (37 + -120 - -91).
31
Calculate (-1 - 2) + (111 - 215) + 118.
11
What is the value of (21 - (-30 - (0 + -14))) + 75?
112
What is the value of (61 + -18 - 46) + (1 - (4 + 1)) + -79?
-86
Calculate 11 + 0 + (6 + -2 - -7 - -100) + -5.
117
What is the value of -17 + -43 + (-50 - -76)?
-34
What is 1 + (2 - (-5 + 9) - 4) - (-3 - 5)?
3
What is 6 + -29 + 53 + 17 - (-1 - (-2 - -2))?
48
Evaluate 80 + (-15 - (9 - 9 - 21 - (-26 + 14))).
74
What is the value of -94 - (3 - (1 + (-5 - -3))) - (3017 + -3016)?
-99
Evaluate (129 - 212) + 24 + 16.
-43
Calculate 27 + -44 + -67 + (-3 - -1).
-86
Evaluate 21 - (-7 + (-40 - -27) + 25).
16
Evaluate -1 + (3 - (28 + -2) - -11) + 110 + 0.
97
-21 + (-15 - -2 - (-19 + -23 + 20))
-12
(-12 - (-34 - -15) - 5) + 1
3
(14 - 3) + 4 + 32 + -30 - 5
12
What is the value of 15 - (-11 - -75 - 46)?
-3
Evaluate 51 + ((6 - -27) + -41 - -25).
68
Calculate -24 - (-1 + (-11 - -14) + 16 + -6 + -16).
-20
Evaluate -103 - ((-82 - -26) + 2).
-49
46 + 2 + -1 + 12266 + -12284
29
Calculate -8 - (-52 - (26 - (10 - -13))).
47
(40 - (143 + -63)) + 112
72
Evaluate 9 + 6 + -12 + 8 + 8.
19
-8 + -24 + 80 + (4 + -4 - 9)
39
Calculate (-20 + 0 + 6 - -21) + 32 + 1 - -8.
48
What is the value of (30 - -1) + (-88 + 44 - -28) - 26?
-11
-72 + 2 + 30 + (-44 - -16) + -13
-81
Evaluate 10 + 1 - (188 + -147).
-30
What is 67 + (5 - ((-21 - -20) + 29))?
44
35 - (-55 - -43 - -52)
-5
Evaluate -138 - (-99 + -141 + 222).
-120
Evaluate (-12 + 0 - (-224 + 236)) + 89.
65
Evaluate -9 + (-51 - -52) + 6.
-2
Calculate -90 + 82 + 20 - -112.
124
Evaluate (-1 + 3 - (17 + -36 + 19)) + 60 + -10.
52
Evaluate -3 + 26 + (-11 - -35 - 114).
-67
-2 + 17 - (-16 - -46) - (8 - 3)
-20
What is the value of (25 - -6) + 66 + -77 - (-1 - 14)?
35
41 + 1 + (-42 - (-23 + -11))
34
26 + -2 + (7 - 44) + 53
40
What is the value of 22 - (-7 - (8 - 3 - 19))?
15
Calculate 84 + -80 + (30 - 8).
26
-11 + (14 - -22 - 3 - 19)
3
What is the value of -2 - (6 - (-14 + 60))?
38
What is -3588 + 3525 - (-177 - 4)?
118
Calculate -25 - (-296 - -301 - (-16 + 3)).
-43
2 - 4 - (-2 + 6) - (-53 + 12 + -6)
41
Evaluate 60 + -17 + -47 + 1.
-3
Evaluate 55 + (2 - -18) + -3 - (-2 - 11 - 0).
85
Calculate (-1 - 9 - -3 - 2) + -2 + -7.
-18
59 + 1 + (2367 - 2364)
63
What is the value of -32 + 27 - ((-8 + (-6 - -11) - -6) + 5)?
-13
Calculate (0 + -1 + -21 - 4) + 2 + (-146 - -143).
-27
Calculate 0 + 1666 + -1666 + (0 - (-90 - -2 - 0)).
88
42 + -91 + 21 + 41
13
(-1 - 1) + (-182 + 107 - -61)
-16
What is (1 + 20 - -12) + -19?
14
Evaluate 14 + (-69 - (4 - -4) - 7) + 7.
-63
Calculate (7 + -3 - 12) + (40 - -26 - -32 - 23).
67
What is (-2 + -15 - (-43 + (11 - 18))) + 18?
51
5 + -1 + -2246 + 2250 - (121 - -3)
-116
-131 + -34 + (32 - (-2 - 35))
-96
What is the value of 6 + (-11 + 6 - -3) + -2 + -30?
-28
Calculate -4 + (29 - 33) - (1 - (-24 - 3)).
-36
What is (-7 - -1) + (33 - ((26 - 50 - -54) + -11))?
8
Calculate -3 + (4 + (-22 - (-20 + 10)) - -85) + -7.
67
What is the value of 45 + (116 - 232) + 147?
76
Calculate 7 + -2 + (7 - 3) + (-354 - -234).
-111
((-10 - (8 - 23)) + 7 - 27) + 20
5
-32 - (5 - ((1 - (-11 + 1)) + -5 + 3))
-28
3 - 3 - (-3 + 23) - (-837 - -708)
109
Evaluate -266 + 264 + (-2 - -1 - 0) + -62.
-65
Calculate 23 + -53 + (-25 - -27).
-28
Calculate 2 + 1 + 25 + -7 + -21 - -3.
3
Calculate 13 - (20 - (-62 - -135) - (8 + 0)).
74
Calculate 117 + -2 + (-135 - -99).
79
What is the value of (37 + -14 - 18) + -124 - -45?
-74
Calculate (83 + (0 - 17) - 11) + (0 - 16).
39
What is the value of -36 - (-47 + 22 - -9) - 28?
-48
What is -29 + -9 - (11 - (13 - (2 - -1)))?
-39
45 + 49 + -71 + (12 - -12)
47
What is the value of 6 - (-14 + -36 - -45)?
11
Evaluate (34 + 54 - 41) + 28 - -26.
101
Evaluate 21 - 4 - (20 - (5 - -10 - 5)).
7
What is -2 + 8 + 4 + (11 - (-10 + 13))?
18
Evaluate 3 - -1 - (-1 + -47 + 3434 + -3395).
13
What is -33 + 59 - (3 + 57)?
-34
What is the value of -3552 - -3636 - (0 - -56)?
28
Evaluate (-4 - -112) + (-29 - -35 - (-6 + 16 - -6)).
98
What is the value of 3 + -9 + 22 - ((-13 - 3) + 28)?
4
What is the value of 66 - (16 - (-165 + 41))?
-74
Calculate -53 - ((-3 - (-49 + 56 + (1 - 7))) + 3).
-52
What is the value of 10 - (-4 - (-4 - 23)) - (-6 + (-30 - 13))?
36
14 - (-22 + 98 + 4)
-66
Calculate 135 - ((-64 - -100) + 16 + -15).
98
What is (231 - 241) + (-3 - 7) + (3 - -2)?
-15
-7 + -3 + (-371 - -362) + (111 + 0 - 3)
89
What is the value of -16 + 40 + -16 - (-11 + -45 + -1)?
65
1 + 4 + 0 + -100 + 111
16
Calculate 66 + -13 + 5 - (-111 - -93).
76
What is the value of -13 + (-5 + -15 - (-42 + 10) - 18)?
-19
Evaluate -1 - (-1 + 21) - (4 + -2).
-23
(4 + -4 - -12) + (-32 - ((-16 - -12) + -17))
1
Evaluate (-32 - -13 - 38) + (-65 - -33).
-89
Calculate 37 + 0 - (-39 - (27 + -27 + -33)).
43
What is the value of 2 - 67 - (5 + -22 + -8 + (0 - -23))?
-63
-13 + 50 + -6 + -45
-14
Calculate 40 + (-113 + 6 - (176 - 128)).
-115
9 + -2 + (-15 - (-27 - -10))
9
6 + (18 + 17 + -12 + (-9 - 1) - 0)
19
Calculate (-60 - (-88 + 52)) + 1 + -6 + -41.
-70
What is the value of -24 - (24 - (-1 + 18 + 12))?
-19
Evaluate 23 + -3 - 4 - (-132 + 72 + 38).
38
What is 172 + (126 - 269) + -1 + -96?
-68
What is the value of -12 - ((2 - (-10 + -5 + 9)) + 45)?
-65
Calculate (-24 - (29 - 111)) + (24 - 50).
32
Calculate -91 - (10 - (0 + -1 + -7 - (-826 + 795))).
-78
What is the value of 20 + -4 + (24 - 34) + -4 + -2 + -107?
-107
Calculate (-4 - -11) + (5 - -1) + -3 + (138 - 153).
-5
What is -4 + (-29 + -39 - -134)?
62
What is the value of 29 + (-22 - (-9 - -5)) + (14 - (36 + -30))?
19
Calculate -7 + (2 + 9 - 4) + (-13 - (-9 - 3)).
-1
What is the value of 3 + (-35 - -23) + (-2 - -1) + (-102 - -130)?
18
-18 - 1 - (-9115 + 9157)
-61
(4 - -67 - 140) + 20
-49
(42 - -1) + -2588 + 2624
79
Evaluate 5 + -4 - -10 - -22 - (-1 + -14).
48
What is the value of -1136 + 1078 - (1 + -122)?
63
Evaluate -38 - (-24 - (-30 + 82)).
38
What is 39 + -137 - (-80 - -12)?
-30
What is the value of 4 + 4 - (40 - (0 - 20 - (-11 + -3)))?
-38
(-5 - (-23 - -4 - (-6 - (2 - -1)))) + -11
-6
Evaluate -13 + (25 + -33 - 16).
-37
What is (-3 - 6) + -52 + 27 - 8?
-42
Calculate (-32 - (-24 - (3 - 28))) + 59.
26
Evaluate (32 - (-81 - -29)) + -43.
41
What is the value of -108 - (-29 - (4 + -13) - -13)?
-101
What is -32 - (16 + 0 - (144 - 136) - 3)?
-37
Evaluate (-9 - (-39 + 14)) + (-20 - 8).
-12
What is -833 + 873 - (0 + 83)?
-43
Calculate -9801 + 9874 + -1 + -88.
-16
What is the value of ((24 - 31) + (17 - 4) - 10) + -1 + 59?
54
What is (8 - (11 + 4)) + 7 + 2?
2
Calculate (-2 - -36) + (-11 - (-24 + 14 + -8)).
41
Calculate -76 + (63 - (-3 - -33)).
-43
What is -75 + 128 + -74 + 55?
34
-8 + -6 - (-311 + 349)
-52
What is -10 - 1 - (-12 - ((14 + -10 - 3) + -13))?
-11
Evaluate -5 - (-5 - -2) - (3 + -14) - (152 + -95).
-48
1 - ((1 + 10 - 8) + -21 - -10) - -48
57
What is the value of -1 + (27 - 2) + (-67 - (-79 + 9))?
27
What is -10 + -115 + 33 + 180?
88
What is (297 - 326) + -3 + 0?
-32
-12 + (-5 - -20 - -1 - -36)
40
What is the value of -31 + -8 - (188 + -197)?
-30
Calculate (51 - (41 - 27)) + -24 - -8.
21
What is the value of (-12 - -29) + -69 - (-1 - -3 - -4)?
-58
What is the value of -30 + -9 + -44 + 80?
-3
What is (5 - 41) + 16 + -2 + -13?
-35
What is the value of (-24 - (3 - 44)) + -98?
-81
What is the value of (1145 + -1116 - (15 + 0)) + 0 + -13 - -10?
11
2007 + -1995 + 2 + -6 + 50